is the remainder when k is divided by 24?
22
What is the remainder when 7/21 - (-2228)/24*2 is divided by 24?
18
Let g(w) = w**2 - 11*w - 420. What is the remainder when g(32) is divided by 85?
82
Let i(w) = w**2 - 23*w + 10. Let z(d) = d**2 - 23*d + 11. Let u(l) = -2*i(l) + 3*z(l). Calculate the remainder when 123 is divided by u(25).
60
Let q(v) = -2*v - 14. Let t be q(-7). Suppose t*y = -5*y + g + 5, -4*y = 2*g - 18. Calculate the remainder when 5 is divided by y.
1
Let q(b) = 5*b - 2. Let k be q(1). Suppose 0 - 9 = -k*i. Suppose 0 = -i*r + 50 + 31. What is the remainder when r is divided by 10?
7
Let j = -305 - -648. Calculate the remainder when j is divided by 69.
67
Let t = 25 + -24. Calculate the remainder when t + 22 - (-19 - -21) is divided by 11.
10
Let r(h) = -8*h + 0*h - 1 + 1 - 12. Let j be r(-5). Suppose y + y = j. Calculate the remainder when 38 is divided by y.
10
Let o(j) = -j**3 - 3*j**2 - 4*j - 2. Let t(z) = -9*z - 164. Calculate the remainder when t(-22) is divided by o(-3).
4
Suppose 131 = -10*t + 2481. Calculate the remainder when t is divided by 75.
10
Let j(z) = -21*z - 41. What is the remainder when 170 is divided by j(-4)?
41
Suppose -2*n - 2 = -10. Let m(h) = 12*h + 6. Calculate the remainder when m(n) is divided by 20.
14
Let t = 326 - 242. What is the remainder when 165 is divided by t?
81
Suppose 14 + 4 = x. Suppose x = -t + 5*k, 4 = -k + 2*k. Calculate the remainder when t is divided by 1.
0
Suppose 0*t + 4*o - 242 = -5*t, -2*o - 204 = -4*t. Let c = 60 - 42. Calculate the remainder when t is divided by c.
14
Let l = 321 - 293. What is the remainder when 359 is divided by l?
23
Suppose 4*r + 3*j = -15, -2*r + 9*j - 24 = 5*j. Suppose 4*o = -5*y + 9, -7*y + 11*y = 4*o. What is the remainder when y is divided by 3 - 3/((-9)/r)?
0
Suppose 6 = 2*d + 2. What is the remainder when (-18)/(-24)*(4 + 0) is divided by d?
1
Suppose 4*r - 6 = -a + 22, 140 = 5*a + r. Calculate the remainder when a is divided by 16.
12
What is the remainder when (-18)/15 + (-12576)/(-80) is divided by 23?
18
Let i = 11 + -16. Let x(d) = 3 - 1 - 6*d - 4 - 3*d**2 + 2*d**2. Calculate the remainder when 10 is divided by x(i).
1
Let l(r) = 6*r**3 + 2*r - 4. Let f = 65 + -35. Suppose 0*q - 3*q = -f. What is the remainder when l(2) is divided by q?
8
Let m be (2 - 0) + -2 + 0. Suppose -4*b - 117 = -r, m*r + r - 117 = -4*b. Suppose -2*n = -5*n + r. Calculate the remainder when n is divided by 10.
9
Suppose 0 = d - 2*t + 7*t - 39, -5*t = -3*d + 217. Suppose 0 = -4*f + 2*v + d, -2*v + v = 4*f - 58. Calculate the remainder when 53 is divided by f.
8
Suppose -b - b + 4 = 0. Let r be 12*(-195)/(-24)*b. Suppose -3*t + r = 2*t - 4*x, 3*x = 3*t - 114. Calculate the remainder when t is divided by 11.
10
Let o = -1397 + 1826. What is the remainder when o is divided by 8?
5
Suppose -4*d + 15 = -d, 0 = -2*f - 5*d + 45. Calculate the remainder when 55 is divided by f.
5
Suppose -3*i - 5*p + 44 = 0, 11*i - p = 8*i + 74. Calculate the remainder when i is divided by 5.
3
Let h be (-43 + 13)/((-2)/3). Let o = h - 25. Suppose 18*x - o*x + 70 = 0. Calculate the remainder when x is divided by 19.
16
Let o = 92 + -71. Let r = -99 - -114. Calculate the remainder when o is divided by r.
6
Suppose 5*i = 3*t + 68, -3*t + 14 - 56 = -3*i. Calculate the remainder when 246 is divided by i.
12
Suppose 3*r - 2*t - 21 = 0, 5*r - 6 - 16 = -t. What is the remainder when (-5)/100 - (-522)/40 is divided by r?
3
Suppose 0 = 2*g + 6, -4*p = 2*g + 131 - 233. Calculate the remainder when 303 is divided by p.
6
What is the remainder when (-2 - -6) + 7 - -196 is divided by 26?
25
Calculate the remainder when 33 is divided by (-4)/1 - (7 - 28).
16
Suppose 0 = -a + 4 + 16. Suppose 3*h - 104 = 3*c - 5*c, h = c + 38. Calculate the remainder when h is divided by a.
16
Suppose 44*j = 42*j - 2*d + 40, -2*j + 5*d = -40. Calculate the remainder when 118 is divided by j.
18
Calculate the remainder when (93/(-105) - 14/(-49))*-265 is divided by 42.
33
Suppose 3*r = 29 + 10. Let s(i) = 25*i**3 - i**2 + 1. Let z = -4 - -5. What is the remainder when s(z) is divided by r?
12
Let n = 591 - 553. Calculate the remainder when 128 is divided by n.
14
Let y be 2/(-5) + 5/(-25)*-362. Suppose -7*b = -15*b + y. Calculate the remainder when 42 is divided by b.
6
Let l(i) = 2*i**2 - i - 2. Let k be l(2). Suppose 5*p = o + 80, -3*o = -k*o. What is the remainder when 179/4 - 6/(-24) is divided by p?
13
Let r(s) = -s**3 + 4*s**2 + 7*s - 10. Let v be r(5). Suppose -3*p + 8 + 1 = v. Calculate the remainder when p is divided by (3/(-3))/((-2)/4).
1
Let t(c) = -6*c**2 + 2*c + 8. Let r be t(-4). Let d be (4/6)/(2/r). Let h = 61 + d. What is the remainder when h is divided by 6?
5
Calculate the remainder when 104 - (2/(1 - -1) - -3) is divided by 34.
32
Let p = 1086 - 933. Let t(y) = -3*y + 1. What is the remainder when p is divided by t(-7)?
21
Let a(s) = -s**3 - 11*s**2 - 8*s + 14. Let v be a(-10). Let d = -1 - v. Calculate the remainder when (1/(4/6))/(3/12) is divided by d.
1
Let q(n) = -25*n + 23. Calculate the remainder when q(-6) is divided by 31.
18
Let j = 11 + -2. Suppose w - 5*g - 25 = 0, -183 = -5*w + g - 5*g. What is the remainder when w is divided by j?
8
Let d(m) = m**3 - 7*m**2 + 2*m - 5. Let q be d(5). Suppose -4*w + 5 = h, -5*w + 3*h = 4*h - 7. Let k = w - q. Calculate the remainder when k is divided by 16.
15
Let q(z) = 2*z**3 - 3*z**2 - 5*z + 4. Calculate the remainder when 107 is divided by q(3).
11
Suppose -2*s + 147 = 15. Let t(g) = 22*g + 3. Calculate the remainder when t(5) is divided by 4/8*s - 4.
26
Let b(j) = -j**3 - 6*j**2 + 6*j - 7. Let m be b(-7). Suppose -3*p + 25 = -m*y + y, -14 = -2*p - 2*y. What is the remainder when 25 is divided by p?
7
Suppose -2*c + 20 = -44. Suppose 33*k - 587 = 1492. Calculate the remainder when k is divided by c.
31
Let q(y) = y**2 - 8*y - 11. Let r be q(10). Calculate the remainder when 77 is divided by (-20)/(4 - r - -4).
17
Suppose -f = 2*f. Suppose 2*b + b - 348 = f. Suppose -3*w - w = -b. What is the remainder when w is divided by 10?
9
Let s(n) be the third derivative of -n**6/120 + n**5/15 + n**4/8 - n**2 - 2. What is the remainder when 190 is divided by s(4)?
10
Let z(x) = 14*x**2 + 2*x + 4. Let r be z(-3). Let s = r + -77. What is the remainder when s is divided by 6?
5
Let v(n) = 7*n**2 + 4*n. Let h be (6 + 2)/(-4)*6/(-4). Suppose h*x = -12*x + 390. Calculate the remainder when v(3) is divided by x.
23
What is the remainder when 116 is divided by (32 - 16)*(-5)/(-4)?
16
Let y(i) = 21*i**2 - 17*i - 17. Let l be (-2062)/(-8) + (-1)/(-4). Suppose -3*r + l = 18. Calculate the remainder when r is divided by y(-1).
17
Let n = -1 - -9. Let q = -40 - -40. Suppose -5*k = -q*g + 5*g - 110, g + 3*k - 24 = 0. What is the remainder when g is divided by n?
5
Suppose 4*c - c - 204 = -3*n, 2*c = n + 121. Calculate the remainder when 161 is divided by c.
35
Let q(i) = -i**3 - 3*i**2 - 7*i. Calculate the remainder when q(-5) is divided by 9.
4
Suppose -3*h + 0 = -3. Let f be (2/(-1))/(h + 0). Let c(y) = -2*y**3 - 2*y**2 + 2*y + 2. What is the remainder when 16 is divided by c(f)?
4
Suppose -5*i = -2047 - 638. What is the remainder when i is divided by 11?
9
Let m be (-18)/(-27) + 58/3. Let i = m + -20. Suppose -4*r + 5*r - 9 = i. Calculate the remainder when 25 is divided by r.
7
Calculate the remainder when 985 is divided by (-31)/(-2) + (-6 - 14/(-4)).
10
Let a = 10 - 7. Let z(f) = 12 + 11*f + a - 3*f + 0*f. What is the remainder when z(12) is divided by 14?
13
Suppose 4*z = 51 + 329. Suppose -z = -4*l - l. Let b(v) = -v**3 + 8*v**2 + v. Calculate the remainder when b(7) is divided by l.
18
Let t = -242 - -250. Let s(d) = -12*d + 1. Let g be s(-3). What is the remainder when (g + 2)/(2 + -1) is divided by t?
7
Suppose 3*o = 25 - 1. Let q = 615 - 538. Calculate the remainder when q is divided by o.
5
Let t = 1383 - 1238. What is the remainder when t is divided by (9 - 0)*14/6?
19
Suppose -17 = -5*l + 8. Suppose -2*o - 2*o - 5*f + 57 = 0, 2*o - l*f + 9 = 0. What is the remainder when 23 is divided by o?
7
Suppose -5*h + 178 = -117. What is the remainder when h is divided by 23?
13
Suppose -4*o + 141 = -107. What is the remainder when 245 is divided by o?
59
Let p(y) = 3*y 